{"id":3,"date":"2020-02-16T09:58:24","date_gmt":"2020-02-16T09:58:24","guid":{"rendered":"https:\/\/gujer-treuhand.ch\/?page_id=3"},"modified":"2023-09-01T08:13:36","modified_gmt":"2023-09-01T08:13:36","slug":"datenschutzerklaerung","status":"publish","type":"page","link":"https:\/\/gujer-treuhand.ch\/index.php\/datenschutzerklaerung\/","title":{"rendered":"Datenschutzerkl\u00e4rung"},"content":{"rendered":"\n<h1 class=\"wp-block-heading\" id=\"top\">Datenschutzerkl\u00e4rung<\/h1>\n\n\n\n<p>Mit dieser <strong>Datenschutzerkl\u00e4rung<\/strong> informieren wir, welche Personendaten wir im Zusammenhang mit unseren <strong>Aktivit\u00e4ten und T\u00e4tigkeiten<\/strong> einschliesslich unserer <strong>https:\/\/gujer-treuhand.ch\/-Website<\/strong> bearbeiten. Wir informieren insbesondere, wof\u00fcr, wie und wo wir welche Personendaten bearbeiten. Wir informieren ausserdem \u00fcber die Rechte von Personen, deren Daten wir bearbeiten.<\/p>\n\n\n\n<p>F\u00fcr einzelne oder zus\u00e4tzliche Aktivit\u00e4ten und T\u00e4tigkeiten k\u00f6nnen weitere Datenschutzerkl\u00e4rungen sowie sonstige rechtliche Dokumente wie Allgemeine Gesch\u00e4ftsbedingungen (AGB), Nutzungsbedingungen oder Teilnahmebedingungen gelten.<\/p>\n\n\n\n<h2 class=\"wp-block-heading\" id=\"kontaktadressen\">1. Kontaktadressen<\/h2>\n\n\n\n<p>Verantwortung f\u00fcr die Bearbeitung von Personendaten:<\/p>\n\n\n\n<p><strong>Christine Gujer<\/strong><br>Gujer Treuhand GmbH<br>Zypressenstrasse 76<br>8004 Z\u00fcrich<\/p>\n\n\n\n<p><a href=\"mailto:christine@gujer-treuhand.ch\">christine@gujer-treuhand.ch<\/a><\/p>\n\n\n\n<p>Wir weisen darauf hin, wenn es im Einzelfall andere Verantwortliche f\u00fcr die Bearbeitung von Personendaten gibt.<\/p>\n\n\n\n<h2 class=\"wp-block-heading\" id=\"begriffe-rechtsgrundlagen\">2. Begriffe und Rechtsgrundlagen<\/h2>\n\n\n\n<h3 class=\"wp-block-heading\" id=\"begriffe\">2.1 Begriffe<\/h3>\n\n\n\n<p><strong>Personendaten<\/strong> sind <em>alle<\/em> Angaben, die sich auf eine bestimmte oder bestimmbare nat\u00fcrliche Person beziehen. Eine <strong>betroffene Person<\/strong> ist eine Person, \u00fcber die wir Personendaten bearbeiten.<\/p>\n\n\n\n<p><strong>Bearbeiten<\/strong> umfasst <em>jeden<\/em> Umgang mit Personendaten, <em>unabh\u00e4ngig<\/em> von den angewandten Mitteln und Verfahren, beispielsweise das Abfragen, Abgleichen, Anpassen, Archivieren, Aufbewahren, Auslesen, Bekanntgeben, Beschaffen, Erfassen, Erheben, L\u00f6schen, Offenlegen, Ordnen, Organisieren, Speichern, Ver\u00e4ndern, Verbreiten, Verkn\u00fcpfen, Vernichten und Verwenden von Personendaten.<\/p>\n\n\n\n<h3 class=\"wp-block-heading\" id=\"rechtsgrundlagen\">2.2 Rechtsgrundlagen<\/h3>\n\n\n\n<p>Wir bearbeiten Personendaten im Einklang mit dem schweizerischen Datenschutzrecht wie insbesondere dem <a href=\"https:\/\/www.fedlex.admin.ch\/eli\/oc\/2022\/491\/de\" rel=\"noreferrer noopener\" target=\"_blank\">Bundesgesetz \u00fcber den Datenschutz<\/a> (Datenschutzgesetz, DSG) und der <a href=\"https:\/\/www.fedlex.admin.ch\/eli\/oc\/2022\/568\/de\" rel=\"noreferrer noopener\" target=\"_blank\">Verordnung \u00fcber den Datenschutz<\/a> (Datenschutzverordnung, DSV).<\/p>\n\n\n\n<h2 class=\"wp-block-heading\" id=\"art-umfang-zweck\">3. Art, Umfang und Zweck<\/h2>\n\n\n\n<p>Wir bearbeiten jene Personendaten, die <em>erforderlich<\/em> sind, um unsere Aktivit\u00e4ten und T\u00e4tigkeiten dauerhaft, nutzerfreundlich, sicher und zuverl\u00e4ssig aus\u00fcben zu k\u00f6nnen. Solche Personendaten k\u00f6nnen insbesondere in die Kategorien von Bestandes- und Kontaktdaten, Browser- und Ger\u00e4tedaten, Inhaltsdaten, Meta- bzw. Randdaten und Nutzungsdaten, Standortdaten, Verkaufsdaten sowie Vertrags- und Zahlungsdaten fallen.<\/p>\n\n\n\n<p>Wir bearbeiten Personendaten w\u00e4hrend jener <em>Dauer<\/em>, die f\u00fcr den jeweiligen Zweck bzw. die jeweiligen Zwecke oder gesetzlich erforderlich ist. Personendaten, deren Bearbeitung nicht mehr erforderlich ist, werden anonymisiert oder gel\u00f6scht.<\/p>\n\n\n\n<p>Wir k\u00f6nnen Personendaten <em>durch Dritte<\/em> bearbeiten lassen. Wir k\u00f6nnen Personendaten gemeinsam mit Dritten bearbeiten oder an Dritte \u00fcbermitteln. Bei solchen Dritten handelt es sich insbesondere um spezialisierte Anbieter, deren Leistungen wir in Anspruch nehmen. Wir gew\u00e4hrleisten auch bei solchen Dritten den Datenschutz.<\/p>\n\n\n\n<p>Wir bearbeiten Personendaten <em>grunds\u00e4tzlich<\/em> nur mit Einwilligung der betroffenen Personen. Sofern und soweit die Bearbeitung aus anderen rechtlichen Gr\u00fcnden zul\u00e4ssig ist, k\u00f6nnen wir darauf verzichten, eine Einwilligung einzuholen. Wir k\u00f6nnen Personendaten beispielsweise ohne Einwilligung bearbeiten, um einen Vertrag zu erf\u00fcllen, um rechtlichen Verpflichtungen nachzukommen oder um \u00fcberwiegende Interessen zu wahren.<\/p>\n\n\n\n<p>In diesem Rahmen bearbeiten wir insbesondere Angaben, die eine betroffene Person bei der Kontaktaufnahme&nbsp;\u2013 beispielsweise per Briefpost, E-Mail, Instant Messaging, Kontaktformular, Social Media oder Telefon&nbsp;\u2013 oder bei der Registrierung f\u00fcr ein Nutzerkonto <em>freiwillig<\/em> an uns \u00fcbermittelt. Wir k\u00f6nnen solche Angaben beispielsweise in einem Adressbuch, in einem Customer-Relationship-Management-System (CRM-System) oder mit vergleichbaren Hilfsmitteln speichern. Wenn wir Daten \u00fcber andere Personen \u00fcbermittelt erhalten, sind die \u00fcbermittelnden Personen verpflichtet, den Datenschutz gegen\u00fcber diesen Personen zu gew\u00e4hrleisten sowie die Richtigkeit dieser Personendaten sicherzustellen.<\/p>\n\n\n\n<p>Wir bearbeiten ausserdem Personendaten, die wir von Dritten erhalten, aus \u00f6ffentlich zug\u00e4nglichen Quellen beschaffen oder bei der Aus\u00fcbung unserer Aktivit\u00e4ten und T\u00e4tigkeiten erheben, sofern und soweit eine solche Bearbeitung aus rechtlichen Gr\u00fcnden zul\u00e4ssig ist.<\/p>\n\n\n\n<h2 class=\"wp-block-heading\" id=\"ausland\">4. Personendaten im Ausland<\/h2>\n\n\n\n<p>Wir bearbeiten Personendaten <em>grunds\u00e4tzlich<\/em> in der Schweiz. Wir k\u00f6nnen Personendaten aber auch in andere Staaten bekanntgeben bzw. exportieren, insbesondere um sie dort zu bearbeiten oder bearbeiten zu lassen.<\/p>\n\n\n\n<p>Wir k\u00f6nnen Personendaten in alle <a href=\"https:\/\/de.wikipedia.org\/wiki\/Liste_der_Staaten_der_Erde#Tabelle\" rel=\"noreferrer noopener\" target=\"_blank\">Staaten und Territorien auf der Erde<\/a> sowie anderswo im <a href=\"https:\/\/www.datenschutzpartner.ch\/2022\/04\/23\/datenschutzerklaerung-daten-export-universum-mond\/\" rel=\"noreferrer noopener\" target=\"_blank\">Universum<\/a> bekanntgeben, sofern das dortige Recht gem\u00e4ss <a href=\"https:\/\/steigerlegal.ch\/2022\/09\/10\/ndsg-schweiz-staatenliste\/\" rel=\"noreferrer noopener\" target=\"_blank\">Beschluss des Schweizerischen Bundesrates<\/a> einen angemessenen Datenschutz gew\u00e4hrleistet.<\/p>\n\n\n\n<p>Wir k\u00f6nnen Personendaten in Staaten, deren Recht keinen angemessenen Datenschutz gew\u00e4hrleistet, bekanntgeben, sofern aus anderen Gr\u00fcnden ein geeigneter Datenschutz gew\u00e4hrleistet ist. Ein geeigneter Datenschutz kann beispielsweise durch entsprechende vertragliche Vereinbarungen, auf Grundlage von Standard\u00addatenschutzklauseln oder mit anderen geeigneten Garantien gew\u00e4hrleistet sein. Ausnahmsweise k\u00f6nnen wir Personendaten in Staaten ohne angemessenen oder geeigneten Datenschutz exportieren, wenn daf\u00fcr die besonderen datenschutz\u00adrechtlichen Voraussetzungen erf\u00fcllt sind, beispielsweise die ausdr\u00fcckliche Einwilligung der betroffenen Personen oder ein unmittelbarer Zusammenhang mit dem Abschluss oder der Abwicklung eines Vertrages. Wir geben betroffenen Personen auf Nachfrage gerne Auskunft \u00fcber allf\u00e4llige Garantien oder liefern eine Kopie von Garantien.<\/p>\n\n\n\n<h2 class=\"wp-block-heading\" id=\"rechte\">5. Rechte von betroffenen Personen<\/h2>\n\n\n\n<h3 class=\"wp-block-heading\" id=\"ansprueche\">5.1 Datenschutzrechtliche Anspr\u00fcche<\/h3>\n\n\n\n<p>Wir gew\u00e4hren betroffenen Personen s\u00e4mtliche Anspr\u00fcche gem\u00e4ss dem anwendbaren Datenschutzrecht. Betroffene Personen verf\u00fcgen insbesondere \u00fcber folgende Rechte:<\/p>\n\n\n\n<ul>\n<li><strong>Auskunft:<\/strong> Betroffene Personen k\u00f6nnen Auskunft verlangen, ob wir Personendaten \u00fcber sie bearbeiten, und falls ja, um welche Personendaten es sich handelt. Betroffene Personen erhalten ferner jene Informationen, die erforderlich sind, um ihre datenschutzrechtlichen Anspr\u00fcche geltend zu machen und Transparenz zu gew\u00e4hrleisten. Dazu z\u00e4hlen die bearbeiteten Personendaten als solche, aber unter anderem auch Angaben zum Bearbeitungszweck, zur Dauer der Aufbewahrung, zu einer allf\u00e4lligen Bekanntgabe bzw. einem allf\u00e4lligen Export von Daten in andere Staaten und zur Herkunft der Personendaten.<\/li>\n\n\n\n<li><strong>Berichtigung und Einschr\u00e4nkung:<\/strong> Betroffene Personen k\u00f6nnen unrichtige Personendaten berichtigen, unvollst\u00e4ndige Daten vervollst\u00e4ndigen und die Bearbeitung ihrer Daten einschr\u00e4nken lassen.<\/li>\n\n\n\n<li><strong>L\u00f6schung und Widerspruch:<\/strong> Betroffene Personen k\u00f6nnen Personendaten l\u00f6schen lassen (\u00abRecht auf Vergessen\u00bb) und der Bearbeitung ihrer Daten mit Wirkung f\u00fcr die Zukunft widersprechen.<\/li>\n\n\n\n<li><strong>Datenherausgabe und Daten\u00fcbertragung:<\/strong> Betroffene Personen k\u00f6nnen die Herausgabe von Personendaten oder die \u00dcbertragung ihrer Daten an einen anderen Verantwortlichen verlangen.<\/li>\n<\/ul>\n\n\n\n<p>Wir k\u00f6nnen die Aus\u00fcbung der Rechte von betroffenen Personen im rechtlich zul\u00e4ssigen Rahmen aufschieben, einschr\u00e4nken oder verweigern. Wir k\u00f6nnen betroffene Personen auf allenfalls zu erf\u00fcllende Voraussetzungen f\u00fcr die Aus\u00fcbung ihrer datenschutzrechtlichen Anspr\u00fcche hinweisen. Wir k\u00f6nnen beispielsweise die Auskunft mit Verweis auf Gesch\u00e4ftsgeheimnisse oder den Schutz anderer Personen ganz oder teilweise verweigern. Wir k\u00f6nnen beispielsweise auch die L\u00f6schung von Personendaten mit Verweis auf gesetzliche Aufbewahrungspflichten ganz oder teilweise verweigern.<\/p>\n\n\n\n<p>Wir k\u00f6nnen f\u00fcr die Aus\u00fcbung der Rechte <em>ausnahmsweise<\/em> Kosten vorsehen. Wir informieren betroffene Personen vorg\u00e4ngig \u00fcber allf\u00e4llige Kosten.<\/p>\n\n\n\n<p>Wir sind verpflichtet, betroffene Personen, die Auskunft verlangen oder andere Rechte geltend machen, mit angemessenen Massnahmen zu identifizieren. Betroffene Personen sind zur Mitwirkung verpflichtet.<\/p>\n\n\n\n<h3 class=\"wp-block-heading\" id=\"beschwerderecht\">5.2 Recht auf Beschwerde<\/h3>\n\n\n\n<p>Betroffene Personen haben das Recht, ihre datenschutzrechtlichen Anspr\u00fcche auf dem Rechtsweg durchzusetzen oder Beschwerde bei einer zust\u00e4ndigen Datenschutz-Aufsichtsbeh\u00f6rde zu erheben.<\/p>\n\n\n\n<p>Datenschutz-Aufsichtsbeh\u00f6rde f\u00fcr private Verantwortliche und Bundesorgane in der Schweiz ist der <a href=\"https:\/\/www.edoeb.admin.ch\/\" rel=\"noreferrer noopener\" target=\"_blank\">Eidgen\u00f6ssische Datenschutz- und \u00d6ffentlichkeitsbeauftragte<\/a>&nbsp;(ED\u00d6B).<\/p>\n\n\n\n<h2 class=\"wp-block-heading\" id=\"sicherheit\">6. Datensicherheit<\/h2>\n\n\n\n<p>Wir treffen geeignete technische und organisatorische Massnahmen, um eine dem jeweiligen Risiko angemessene Datensicherheit zu gew\u00e4hrleisten. Wir k\u00f6nnen aber keine absolute Datensicherheit gew\u00e4hrleisten.<\/p>\n\n\n\n<p>Der Zugriff auf unsere Website erfolgt mittels Transportverschl\u00fcsselung (SSL&nbsp;\/ TLS, insbesondere mit dem Hypertext Transfer Protocol Secure, abgek\u00fcrzt HTTPS). Die meisten Browser kennzeichnen Transportverschl\u00fcsselung mit einem Vorh\u00e4ngeschloss in der Adressleiste.<\/p>\n\n\n\n<p>Unsere digitale Kommunikation unterliegt&nbsp;\u2013 wie <em>grunds\u00e4tzlich<\/em> jede digitale Kommunikation&nbsp;\u2013 der Massen\u00fcberwachung ohne Anlass und Verdacht sowie sonstiger \u00dcberwachung durch Sicherheitsbeh\u00f6rden in der Schweiz, im \u00fcbrigen Europa, in den Vereinigten Staaten von Amerika (USA) und in anderen Staaten. Wir k\u00f6nnen keinen direkten Einfluss auf die entsprechende Bearbeitung von Personendaten durch Geheimdienste, Polizeistellen und andere Sicherheitsbeh\u00f6rden nehmen.<\/p>\n\n\n\n<h2 class=\"wp-block-heading\" id=\"website\">7. Nutzung der Website<\/h2>\n\n\n\n<h3 class=\"wp-block-heading\" id=\"cookies\">7.1 Cookies<\/h3>\n\n\n\n<p>Wir k\u00f6nnen Cookies verwenden. Bei Cookies&nbsp;\u2013 eigenen Cookies (First-Party-Cookies) als auch Cookies von Dritten, deren Dienste wir nutzen (Third-Party-Cookies)&nbsp;\u2013 handelt es sich um Daten, die im Browser gespeichert werden. Solche gespeicherten Daten m\u00fcssen nicht auf traditionelle Cookies in Textform beschr\u00e4nkt sein.<\/p>\n\n\n\n<p>Cookies k\u00f6nnen im Browser tempor\u00e4r als \u00abSession Cookies\u00bb oder f\u00fcr einen bestimmten Zeitraum als sogenannte permanente Cookies gespeichert werden. \u00abSession Cookies\u00bb werden automatisch gel\u00f6scht, wenn der Browser geschlossen wird. Permanente Cookies haben eine bestimmte Speicherdauer. Cookies erm\u00f6glichen insbesondere, einen Browser beim n\u00e4chsten Besuch unserer Website wiederzuerkennen und dadurch beispielsweise die Reichweite unserer Website zu messen. Permanente Cookies k\u00f6nnen aber beispielsweise auch f\u00fcr Online-Marketing verwendet werden.<\/p>\n\n\n\n<p>Cookies k\u00f6nnen in den Browser-Einstellungen jederzeit ganz oder teilweise deaktiviert sowie gel\u00f6scht werden. Ohne Cookies steht unsere Website allenfalls nicht mehr in vollem Umfang zur Verf\u00fcgung. Wir ersuchen&nbsp;\u2013 mindestens sofern und soweit erforderlich&nbsp;\u2013 aktiv um die ausdr\u00fcckliche Einwilligung in die Verwendung von Cookies.<\/p>\n\n\n\n<h3 class=\"wp-block-heading\" id=\"logdateien\">7.2 Server-Logdateien<\/h3>\n\n\n\n<p>Wir k\u00f6nnen f\u00fcr jeden Zugriff auf unsere Website nachfolgende Angaben erfassen, sofern diese von Ihrem Browser an unsere Server-Infrastruktur \u00fcbermittelt werden oder von unserem Webserver ermittelt werden k\u00f6nnen: Datum und Zeit einschliesslich Zeitzone, Internet Protocol (IP)-Adresse, Zugriffsstatus (HTTP-Statuscode), Betriebssystem einschliesslich Benutzeroberfl\u00e4che und Version, Browser einschliesslich Sprache und Version, aufgerufene einzelne Unter-Seite unserer Website einschliesslich \u00fcbertragener Datenmenge, zuletzt im gleichen Browser-Fenster aufgerufene Webseite (Referer bzw. Referrer).<\/p>\n\n\n\n<p>Wir speichern solche Angaben, die auch Personendaten darstellen k\u00f6nnen, in Server-Logdateien. Die Angaben sind erforderlich, um unsere Website dauerhaft, nutzerfreundlich und zuverl\u00e4ssig bereitstellen sowie um die Datensicherheit und damit insbesondere den Schutz von Personendaten sicherstellen zu k\u00f6nnen \u2013 auch durch Dritte oder mit Hilfe von Dritten.<\/p>\n\n\n\n<h3 class=\"wp-block-heading\" id=\"zaehlpixel\">7.3 Z\u00e4hlpixel<\/h3>\n\n\n\n<p>Wir k\u00f6nnen Z\u00e4hlpixel auf unserer Website verwenden. Z\u00e4hlpixel werden auch als Web-Beacons bezeichnet. Bei Z\u00e4hlpixeln&nbsp;\u2013 auch von Dritten, deren Dienste wir nutzen&nbsp;\u2013 handelt es sich um kleine, \u00fcblicherweise nicht sichtbare Bilder, die beim Besuch unserer Website automatisch abgerufen werden. Mit Z\u00e4hlpixeln k\u00f6nnen die gleichen Angaben wie in Server-Logdateien erfasst werden.<\/p>\n\n\n\n<h2 class=\"wp-block-heading\" id=\"dienste\">8. Dienste von Dritten<\/h2>\n\n\n\n<p>Wir nutzen Dienste von spezialisierten Dritten, um unsere Aktivit\u00e4ten und T\u00e4tigkeiten dauerhaft, nutzerfreundlich, sicher und zuverl\u00e4ssig aus\u00fcben zu k\u00f6nnen. Mit solchen Diensten k\u00f6nnen wir unter anderem Funktionen und Inhalte in unsere Website einbetten. Bei einer solchen Einbettung erfassen die genutzten Dienste aus technisch zwingenden Gr\u00fcnden mindestens zeitweilig die Internet Protocol&nbsp;(IP)-Adressen der Nutzerinnen und Nutzer.<\/p>\n\n\n\n<p>F\u00fcr erforderliche sicherheitsrelevante, statistische und technische Zwecke k\u00f6nnen Dritte, deren Dienste wir nutzen, Daten im Zusammenhang mit unseren Aktivit\u00e4ten und T\u00e4tigkeiten aggregiert, anonymisiert oder pseudonymisiert bearbeiten. Es handelt sich beispielsweise um Leistungs- oder Nutzungsdaten, um den jeweiligen Dienst anbieten zu k\u00f6nnen.<\/p>\n\n\n\n<ul>\n<li><strong><a href=\"https:\/\/www.microsoft.com\/de-ch\" rel=\"noreferrer noopener\" target=\"_blank\">Dienste von Microsoft:<\/a><\/strong> Anbieterinnen: Microsoft Corporation (USA)&nbsp;\/ Microsoft Ireland Operations Limited (Irland) f\u00fcr Nutzerinnen und Nutzer im Europ\u00e4ischen Wirtschaftsraum&nbsp;(EWR), in Grossbritannien und in der Schweiz; Allgemeine Angaben zum Datenschutz: <a href=\"https:\/\/privacy.microsoft.com\/de-de\" rel=\"noreferrer noopener\" target=\"_blank\">\u00abDatenschutz bei Microsoft\u00bb<\/a>, <a href=\"https:\/\/www.microsoft.com\/de-ch\/trust-center\/privacy\" rel=\"noreferrer noopener\" target=\"_blank\">\u00abDatenschutz und Privatsph\u00e4re (Trust Center)\u00bb<\/a>, <a href=\"https:\/\/privacy.microsoft.com\/de-de\/privacystatement\" rel=\"noreferrer noopener\" target=\"_blank\">Datenschutzerkl\u00e4rung<\/a>, <a href=\"https:\/\/account.microsoft.com\/account\/privacy?lang=de-DE\" rel=\"noreferrer noopener\" target=\"_blank\">Datenschutz-Dashboard (Daten- und Datenschutz-Einstellungen)<\/a>.<\/li>\n<\/ul>\n\n\n\n<h3 class=\"wp-block-heading\" id=\"infrastruktur\">8.1 Digitale Infrastruktur<\/h3>\n\n\n\n<p>Wir nutzen Dienste von spezialisierten Dritten, um ben\u00f6tigte digitale Infrastruktur im Zusammenhang mit unseren Aktivit\u00e4ten und T\u00e4tigkeiten in Anspruch nehmen zu k\u00f6nnen. Dazu z\u00e4hlen beispielsweise Hosting- und Speicherdienste von ausgew\u00e4hlten Anbietern.<\/p>\n\n\n\n<p>Wir nutzen insbesondere:<\/p>\n\n\n\n<ul>\n<li><strong><a href=\"https:\/\/www.metanet.ch\/de\" rel=\"noreferrer noopener\" target=\"_blank\">METANET:<\/a><\/strong> Hosting; Anbieterin: METANET&nbsp;AG (Schweiz); Angaben zum Datenschutz: <a href=\"https:\/\/www.metanet.ch\/de\/ueber-metanet\/datenschutzerklaerung\" rel=\"noreferrer noopener\" target=\"_blank\">Datenschutzerkl\u00e4rung<\/a>, <a href=\"https:\/\/www.metanet.ch\/media\/644\/download\/METANET_TOM_V1.1-2.pdf\" rel=\"noreferrer noopener\" target=\"_blank\">\u00abTechnisch-organisatorische Massnahmen\u00bb<\/a>.<\/li>\n\n\n\n<li><strong><a href=\"https:\/\/www.stackpath.com\/products\/cdn\/\" rel=\"noreferrer noopener\" target=\"_blank\">StackPath CDN:<\/a><\/strong> Content Delivery Network (CDN); Anbieterinnen: StackPath LLC (USA) \/ Highwinds Network Group Inc. (USA); Angaben zum Datenschutz: <a href=\"https:\/\/www.stackpath.com\/legal\/privacy-statement\/\" rel=\"noreferrer noopener\" target=\"_blank\">Datenschutzerkl\u00e4rung<\/a>.<\/li>\n<\/ul>\n\n\n\n<h3 class=\"wp-block-heading\" id=\"kontaktmoeglichkeiten\">8.2 Kontaktm\u00f6glichkeiten<\/h3>\n\n\n\n<p>Wir nutzen Dienste von ausgew\u00e4hlten Anbietern, um mit Dritten wie beispielsweise potenziellen sowie bestehenden Kundinnen und Kunden besser kommunizieren zu k\u00f6nnen.<\/p>\n\n\n\n<h3 class=\"wp-block-heading\" id=\"videokonferenz\">8.3 Audio- und Video-Konferenzen<\/h3>\n\n\n\n<p>Wir nutzen spezialisierte Dienste f\u00fcr Audio- und Video-Konferenzen, um online kommunizieren zu k\u00f6nnen. Wir k\u00f6nnen damit beispielsweise virtuelle Besprechungen abhalten oder Online-Unterricht und Webinare durchf\u00fchren. F\u00fcr die Teilnahme an Audio- und Video-Konferenzen gelten erg\u00e4nzend die Rechtstexte der einzelnen Dienste wie Datenschutzerkl\u00e4rungen und Nutzungsbedingungen.<\/p>\n\n\n\n<p>Wir empfehlen, je nach Lebenssituation bei der Teilnahme an Audio- oder Video-Konferenzen das Mikrofon standardm\u00e4ssig stumm zu schalten sowie den Hintergrund unscharf zu stellen oder einen virtuellen Hintergrund einblenden zu lassen.<\/p>\n\n\n\n<p>Wir nutzen insbesondere:<\/p>\n\n\n\n<ul>\n<li><strong><a href=\"https:\/\/www.microsoft.com\/de-de\/microsoft-teams\/group-chat-software\" rel=\"noreferrer noopener\" target=\"_blank\">Microsoft Teams:<\/a><\/strong> Plattform unter anderem f\u00fcr Audio- und Video-Konferenzen; Anbieterin: Microsoft; Teams-spezifische Angaben: <a href=\"https:\/\/docs.microsoft.com\/de-de\/microsoftteams\/teams-privacy\" rel=\"noreferrer noopener\" target=\"_blank\">\u00abDatenschutz und Microsoft Teams\u00bb<\/a>.<\/li>\n\n\n\n<li><strong><a href=\"https:\/\/www.skype.com\/de\/\" rel=\"noreferrer noopener\" target=\"_blank\">Skype:<\/a><\/strong> Audio- und Video-Konferenzen; Skype-spezifische Anbieterinnen: Skype Communications&nbsp;SARL (Luxemburg)&nbsp;\/ Microsoft Corporation (USA)&nbsp;\/ Microsoft Ireland Operations Limited (Irland) f\u00fcr Nutzerinnen und Nutzer im Europ\u00e4ischen Wirtschaftsraum (EWR), in Grossbritannien und in der Schweiz; Angaben zum Datenschutz: <a href=\"https:\/\/www.skype.com\/de\/legal\/\" rel=\"noreferrer noopener\" target=\"_blank\">\u00abRechtliches zu Skype\u00bb<\/a>, <a href=\"https:\/\/support.skype.com\/de\/skype\/all\/privacy-security\/\" rel=\"noreferrer noopener\" target=\"_blank\">\u00abDatenschutz und Sicherheit\u00bb<\/a>.<\/li>\n\n\n\n<li><strong><a href=\"https:\/\/zoom.us\/\" rel=\"noreferrer noopener\" target=\"_blank\">Zoom:<\/a><\/strong> Video-Konferenzen; Anbieterin: Zoom Video Communications Inc. (USA); Angaben zum Datenschutz: <a href=\"https:\/\/zoom.us\/de-de\/privacy.html\" rel=\"noreferrer noopener\" target=\"_blank\">Datenschutzerkl\u00e4rung<\/a>, <a href=\"https:\/\/zoom.us\/de-de\/trust\/privacy.html\" rel=\"noreferrer noopener\" target=\"_blank\">\u00abDatenschutz bei Zoom\u00bb<\/a>, <a href=\"https:\/\/zoom.us\/de-de\/trust\/legal-compliance.html\" rel=\"noreferrer noopener\" target=\"_blank\">\u00abRechtskonformit\u00e4ts-Center\u00bb<\/a>.<\/li>\n<\/ul>\n\n\n\n<h2 class=\"wp-block-heading\" id=\"erweiterungen\">9. Erweiterungen f\u00fcr die Website<\/h2>\n\n\n\n<p>Wir verwenden Erweiterungen f\u00fcr unsere Website, um zus\u00e4tzliche Funktionen nutzen zu k\u00f6nnen.<\/p>\n\n\n\n<p>Wir verwenden insbesondere:<\/p>\n\n\n\n<ul>\n<li><strong><a href=\"https:\/\/jquery.com\" rel=\"noreferrer noopener\" target=\"_blank\">jQuery (OpenJS Foundation)<\/a>:<\/strong> Freie JavaScript-Bibliothek; Anbieterin: OpenJS Foundation (USA) mit Verwendung von StackPath CDN; Angaben zum Datenschutz: <a href=\"https:\/\/openjsf.org\/wp-content\/uploads\/sites\/84\/2021\/04\/OpenJS-Foundation-Privacy-Policy-2019-11-15.pdf\" rel=\"noreferrer noopener\" target=\"_blank\">Datenschutzerkl\u00e4rung (OpenJS Foundation)<\/a>, <a href=\"https:\/\/www.linuxfoundation.org\/cookies\" rel=\"noreferrer noopener\" target=\"_blank\">Cookie-Richtlinie (OpenJS Foundation)<\/a>.<\/li>\n<\/ul>\n\n\n\n<h2 class=\"wp-block-heading\" id=\"schlussbestimmungen\">10. Schlussbestimmungen<\/h2>\n\n\n\n<p>Wir haben diese Datenschutzerkl\u00e4rung mit dem <a href=\"https:\/\/www.datenschutzpartner.ch\/angebot-datenschutz-generator\/\" rel=\"noreferrer noopener\" target=\"_blank\">Datenschutz-Generator<\/a> von <a href=\"https:\/\/datenschutzpartner.ch\/\" rel=\"noreferrer noopener\" target=\"_blank\">Datenschutzpartner<\/a> erstellt.<\/p>\n\n\n\n<p>Wir k\u00f6nnen diese Datenschutzerkl\u00e4rung jederzeit anpassen und erg\u00e4nzen. Wir werden \u00fcber solche Anpassungen und Erg\u00e4nzungen in geeigneter Form informieren, insbesondere durch Ver\u00f6ffentlichung der jeweils aktuellen Datenschutzerkl\u00e4rung auf unserer Website.<\/p>\n","protected":false},"excerpt":{"rendered":"<p>Datenschutzerkl\u00e4rung Mit dieser Datenschutzerkl\u00e4rung informieren wir, welche Personendaten wir im Zusammenhang mit unseren Aktivit\u00e4ten und T\u00e4tigkeiten einschliesslich unserer https:\/\/gujer-treuhand.ch\/-Website bearbeiten. Wir informieren insbesondere, wof\u00fcr, wie und wo wir welche Personendaten bearbeiten. Wir informieren ausserdem \u00fcber die Rechte von Personen, deren Daten wir bearbeiten. F\u00fcr einzelne oder zus\u00e4tzliche Aktivit\u00e4ten und T\u00e4tigkeiten k\u00f6nnen weitere Datenschutzerkl\u00e4rungen sowie sonstige &hellip; <\/p>\n<p class=\"link-more\"><a href=\"https:\/\/gujer-treuhand.ch\/index.php\/datenschutzerklaerung\/\" class=\"more-link\"><span class=\"screen-reader-text\">\u201eDatenschutzerkl\u00e4rung\u201c<\/span> weiterlesen<\/a><\/p>\n","protected":false},"author":1,"featured_media":0,"parent":0,"menu_order":0,"comment_status":"closed","ping_status":"closed","template":"","meta":{"footnotes":""},"_links":{"self":[{"href":"https:\/\/gujer-treuhand.ch\/index.php\/wp-json\/wp\/v2\/pages\/3"}],"collection":[{"href":"https:\/\/gujer-treuhand.ch\/index.php\/wp-json\/wp\/v2\/pages"}],"about":[{"href":"https:\/\/gujer-treuhand.ch\/index.php\/wp-json\/wp\/v2\/types\/page"}],"author":[{"embeddable":true,"href":"https:\/\/gujer-treuhand.ch\/index.php\/wp-json\/wp\/v2\/users\/1"}],"replies":[{"embeddable":true,"href":"https:\/\/gujer-treuhand.ch\/index.php\/wp-json\/wp\/v2\/comments?post=3"}],"version-history":[{"count":3,"href":"https:\/\/gujer-treuhand.ch\/index.php\/wp-json\/wp\/v2\/pages\/3\/revisions"}],"predecessor-version":[{"id":136,"href":"https:\/\/gujer-treuhand.ch\/index.php\/wp-json\/wp\/v2\/pages\/3\/revisions\/136"}],"wp:attachment":[{"href":"https:\/\/gujer-treuhand.ch\/index.php\/wp-json\/wp\/v2\/media?parent=3"}],"curies":[{"name":"wp","href":"https:\/\/api.w.org\/{rel}","templated":true}]}}